{"id":18727,"date":"2017-05-25T12:27:14","date_gmt":"2017-05-25T12:27:14","guid":{"rendered":"https:\/\/gjarquitectura.com\/inicio\/"},"modified":"2025-06-25T12:10:08","modified_gmt":"2025-06-25T10:10:08","slug":"inicio","status":"publish","type":"page","link":"https:\/\/gjarquitectura.com\/en\/","title":{"rendered":"INICIO"},"content":{"rendered":"<div class=\"wpb-content-wrapper\"><p>[vc_row][vc_column][rev_slider_vc alias=&#8221;header-navidad-en-2025-1&#8243;][\/vc_column][\/vc_row][vc_row][vc_column][vc_empty_space height=&#8221;64px&#8221;][vc_column_text css=&#8221;&#8221;]<img loading=\"lazy\" decoding=\"async\" class=\"aligncenter wp-image-30536 size-full\" src=\"https:\/\/gjarquitectura.com\/wp-content\/uploads\/2025\/06\/130000.webp\" alt=\"130000\" width=\"707\" height=\"210\" srcset=\"https:\/\/gjarquitectura.com\/wp-content\/uploads\/2025\/06\/130000.webp 707w, https:\/\/gjarquitectura.com\/wp-content\/uploads\/2025\/06\/130000-300x89.webp 300w, https:\/\/gjarquitectura.com\/wp-content\/uploads\/2025\/06\/130000-500x149.webp 500w\" sizes=\"auto, (max-width: 707px) 100vw, 707px\" \/><\/p>\n<h6 style=\"text-align: center;\"><em>More than 130.000 m2 designed in BIM<\/em><\/h6>\n<p>&nbsp;<\/p>\n<h4 style=\"text-align: center;\"><em>More than three decades ago, Gonz\u00e1lez &amp; Jacobson Arquitectura was born in the heart of the vibrant city of Marbella on the Costa del Sol. Since then, we have travelled an exciting path full of challenges, learning experiences and, above all, creativity. Over time, we have grown into an internationally recognised firm, with projects not only in various parts of Spain, but also in diverse locations such as Mexico and Morocco.<\/em><\/h4>\n<p>&nbsp;<\/p>\n<h4 style=\"text-align: center;\"><em>Over the past 30 years, we have had the good fortune to work on a wide variety of projects spanning all areas of architecture, from residential, commercial and urban design to landscape architecture, interior design and urban planning. We are passionate about taking a holistic approach to each project, where architecture engages with the environment, functionality, and of course, the people who will inhabit it.<\/em><\/h4>\n<p>&nbsp;<\/p>\n<h4 style=\"text-align: center;\"><em>Today, Gonz\u00e1lez &amp; Jacobson Arquitectura is led by Rodolfo Amieva Jacobson and Diego Mac\u00edas Dom\u00ednguez, who, together with a multidisciplinary team of highly qualified professionals &#8211; architects, interior designers, landscape architects, urban planners, engineers and technicians &#8211; continue to focus on architecture with identity, sensitivity and commitment.<\/em><\/h4>\n<p>&nbsp;<\/p>\n<h4 style=\"text-align: center;\"><em>We believe in the power of good architecture to transform spaces and improve lives. That is why each of our projects bears the stamp of dedication, experience and contemporary vision that characterises us. Because after so many years, we still enjoy doing what we love the most: designing spaces with soul.<\/em><\/h4>\n<h4 style=\"text-align: center;\"><\/h4>\n<p>[\/vc_column_text][\/vc_column][\/vc_row][vc_row full_width=&#8221;stretch_row&#8221; templates=&#8221;services&#8221; post_type=&#8221;services&#8221; total_columns=&#8221;prague_count_col3&#8243; gap_columns=&#8221;prague_gap_col15&#8243; image_original_size=&#8221;large&#8221; enable_load_more=&#8221;&#8221; enable_new_window=&#8221;&#8221; filter_type=&#8221;category&#8221; filter_type_2=&#8221;category&#8221; filter_type_3=&#8221;category&#8221; filter=&#8221;disable&#8221; filtering_type=&#8221;one_criteria&#8221; filter_position=&#8221;top&#8221; keyboard=&#8221;&#8221; arrows=&#8221;&#8221; autoplay=&#8221;&#8221; autoplay_speed=&#8221;&#8221; figure_enable=&#8221;&#8221; color_figure=&#8221;&#8221; stroke_width=&#8221;&#8221; orderby=&#8221;&#8221; order=&#8221;DESC&#8221; button_link_class=&#8221;prague-services-link a-btn-2 creative&#8221; button_span_class=&#8221;a-btn-line&#8221; posts_per_page=&#8221;3&#8243; button_style=&#8221;creative&#8221; pix_filter=&#8221;&#8221; speed=&#8221;&#8221; css=&#8221;.vc_custom_1630081885172{background-color: #ffffff !important;}&#8221;][vc_column][vc_headings vertical_line=&#8221;true&#8221; title=&#8221;Last Projects&#8221; heading_size=&#8221;h2&#8243; subtitle=&#8221;More than 30 years of experience.&#8221; enable_divider=&#8221;true&#8221; align=&#8221;Center&#8221;][\/vc_headings][vc_empty_space][vc_basic_grid post_type=&#8221;projects&#8221; max_items=&#8221;100&#8243; style=&#8221;load-more&#8221; items_per_page=&#8221;6&#8243; element_width=&#8221;6&#8243; gap=&#8221;0&#8243; item=&#8221;16710&#8243; btn_style=&#8221;modern&#8221; btn_color=&#8221;default&#8221; btn_size=&#8221;xs&#8221; grid_id=&#8221;vc_gid:1750845840416-47be407f-e73f-9&#8243; taxonomies=&#8221;1073&#8243;][\/vc_column][\/vc_row][vc_row full_width=&#8221;stretch_row&#8221; templates=&#8221;services&#8221; post_type=&#8221;services&#8221; total_columns=&#8221;prague_count_col3&#8243; gap_columns=&#8221;prague_gap_col15&#8243; image_original_size=&#8221;large&#8221; enable_load_more=&#8221;&#8221; enable_new_window=&#8221;&#8221; filter_type=&#8221;category&#8221; filter_type_2=&#8221;category&#8221; filter_type_3=&#8221;category&#8221; filter=&#8221;disable&#8221; filtering_type=&#8221;one_criteria&#8221; filter_position=&#8221;top&#8221; keyboard=&#8221;&#8221; arrows=&#8221;&#8221; autoplay=&#8221;&#8221; autoplay_speed=&#8221;&#8221; figure_enable=&#8221;&#8221; color_figure=&#8221;&#8221; stroke_width=&#8221;&#8221; orderby=&#8221;&#8221; order=&#8221;DESC&#8221; button_link_class=&#8221;prague-services-link a-btn-2 creative&#8221; button_span_class=&#8221;a-btn-line&#8221; posts_per_page=&#8221;3&#8243; button_style=&#8221;creative&#8221; pix_filter=&#8221;&#8221; speed=&#8221;&#8221; css=&#8221;.vc_custom_1634642725504{background-image: url(https:\/\/gjarquitectura.com\/wp-content\/uploads\/2021\/10\/servicios-final-reducida.jpg?id=15663) !important;}&#8221;][vc_column video_bg=&#8221;yes&#8221; video_bg_url=&#8221;https:\/\/www.youtube.com\/watch?v=YKtRdvhuxIc&#8221;][vc_empty_space][vc_headings vertical_line=&#8221;true&#8221; title=&#8221;Our services&#8221; heading_size=&#8221;h2&#8243; subtitle=&#8221;Know what we do&#8221; align=&#8221;Center&#8221;][\/vc_headings][vc_empty_space][vc_projects_posts templates=&#8221;services&#8221; post_type=&#8221;services&#8221; total_columns=&#8221;prague_count_col4&#8243; gap_columns=&#8221;prague_gap_col15&#8243; image_original_size=&#8221;large&#8221; button_link_class=&#8221;prague-services-link a-btn-2 creative&#8221; button_span_class=&#8221;a-btn-line&#8221; posts_per_page=&#8221;4&#8243; button_style=&#8221;creative&#8221;][\/vc_column][\/vc_row][vc_row full_width=&#8221;stretch_row&#8221;][vc_column][vc_empty_space][vc_headings vertical_line=&#8221;true&#8221; title=&#8221;The latest from our Blog&#8221; heading_size=&#8221;h2&#8243; subtitle=&#8221;Learn about the progress of our Architecture studio.&#8221; enable_divider=&#8221;true&#8221; align=&#8221;Center&#8221;][\/vc_headings][vc_column_text css_animation=&#8221;fadeIn&#8221;]<\/p>\n<p style=\"text-align: center;\">In this space our idea is to tell the progress of our Architecture studio:<\/p>\n<p style=\"text-align: center;\">new, ongoing or already completed projects that we think may interest you.<\/p>\n<p>[\/vc_column_text][vc_empty_space][vc_basic_grid post_type=&#8221;post&#8221; max_items=&#8221;100&#8243; style=&#8221;load-more&#8221; items_per_page=&#8221;4&#8243; element_width=&#8221;3&#8243; gap=&#8221;15&#8243; item=&#8221;17917&#8243; btn_title=&#8221;Load more&#8221; btn_style=&#8221;modern&#8221; btn_color=&#8221;default&#8221; btn_size=&#8221;xs&#8221; grid_id=&#8221;vc_gid:1750845840419-642ef02f-f749-6&#8243;][vc_empty_space][\/vc_column][\/vc_row][vc_row][vc_column][vc_empty_space][vc_headings vertical_line=&#8221;true&#8221; title=&#8221;Supporting those who care\u2026&#8221; heading_size=&#8221;h2&#8243; subtitle=&#8221;Our commitment is to hope and the future.&#8221; enable_divider=&#8221;true&#8221; align=&#8221;Center&#8221;][\/vc_headings][vc_empty_space][vc_column_text css=&#8221;&#8221;]<\/p>\n<p style=\"text-align: center;\">Our partnership with the Malaga Association of Foster Families (Ac\u00f3geles) extends beyond financial collaboration; it is a bond founded on solidarity, empathy, and respect for each unique story and life.<\/p>\n<p><img loading=\"lazy\" decoding=\"async\" class=\"size-full wp-image-27771 aligncenter\" src=\"https:\/\/gjarquitectura.com\/wp-content\/uploads\/2024\/11\/logo-peq-acogeles.png\" alt=\"acogeles logo web\" width=\"305\" height=\"122\" srcset=\"https:\/\/gjarquitectura.com\/wp-content\/uploads\/2024\/11\/logo-peq-acogeles.png 305w, https:\/\/gjarquitectura.com\/wp-content\/uploads\/2024\/11\/logo-peq-acogeles-300x120.png 300w\" sizes=\"auto, (max-width: 305px) 100vw, 305px\" \/>[\/vc_column_text][vc_empty_space height=&#8221;16px&#8221;][vc_btn title=&#8221;More info&#8221; size=&#8221;xs&#8221; align=&#8221;center&#8221; css=&#8221;&#8221; link=&#8221;url:https%3A%2F%2Fgjarquitectura.com%2Fen%2Facogeles-supporting-those-who-care-for-us%2F|title:M%C3%A1s%20info|target:_blank&#8221;][vc_empty_space][\/vc_column][\/vc_row]<\/p>\n<\/div>","protected":false},"excerpt":{"rendered":"<p>[vc_row][vc_column][rev_slider_vc alias=&#8221;header-navidad-en-2025-1&#8243;][\/vc_column][\/vc_row][vc_row][vc_column][vc_empty_space height=&#8221;64px&#8221;][vc_column_text css=&#8221;&#8221;] More than 130.000 m2 designed in BIM &nbsp; More than three decades ago, Gonz\u00e1lez &amp; Jacobson<\/p>\n","protected":false},"author":1,"featured_media":0,"parent":0,"menu_order":0,"comment_status":"closed","ping_status":"closed","template":"","meta":{"footnotes":""},"class_list":["post-18727","page","type-page","status-publish","hentry"],"aioseo_notices":[],"_links":{"self":[{"href":"https:\/\/gjarquitectura.com\/en\/wp-json\/wp\/v2\/pages\/18727","targetHints":{"allow":["GET"]}}],"collection":[{"href":"https:\/\/gjarquitectura.com\/en\/wp-json\/wp\/v2\/pages"}],"about":[{"href":"https:\/\/gjarquitectura.com\/en\/wp-json\/wp\/v2\/types\/page"}],"author":[{"embeddable":true,"href":"https:\/\/gjarquitectura.com\/en\/wp-json\/wp\/v2\/users\/1"}],"replies":[{"embeddable":true,"href":"https:\/\/gjarquitectura.com\/en\/wp-json\/wp\/v2\/comments?post=18727"}],"version-history":[{"count":3,"href":"https:\/\/gjarquitectura.com\/en\/wp-json\/wp\/v2\/pages\/18727\/revisions"}],"predecessor-version":[{"id":30550,"href":"https:\/\/gjarquitectura.com\/en\/wp-json\/wp\/v2\/pages\/18727\/revisions\/30550"}],"wp:attachment":[{"href":"https:\/\/gjarquitectura.com\/en\/wp-json\/wp\/v2\/media?parent=18727"}],"curies":[{"name":"wp","href":"https:\/\/api.w.org\/{rel}","templated":true}]}}

<div class="wpb-content-wrapper"><p>[vc_row][vc_column][rev_slider_vc alias=&#8221;header-navidad-en-2025-1&#8243;][/vc_column][/vc_row][vc_row][vc_column][vc_empty_space height=&#8221;64px&#8221;][vc_column_text css=&#8221;&#8221;]<img loading="lazy" decoding="async" class="aligncenter wp-image-30536 size-full" src="https://gjarquitectura.com/wp-content/uploads/2025/06/130000.webp" alt="130000" width="707" height="210" srcset="https://gjarquitectura.com/wp-content/uploads/2025/06/130000.webp 707w, https://gjarquitectura.com/wp-content/uploads/2025/06/130000-300x89.webp 300w, https://gjarquitectura.com/wp-content/uploads/2025/06/130000-500x149.webp 500w" sizes="auto, (max-width: 707px) 100vw, 707px" /></p>
<h6 style="text-align: center;"><em>More than 130.000 m2 designed in BIM</em></h6>
<p>&nbsp;</p>
<h4 style="text-align: center;"><em>More than three decades ago, González &amp; Jacobson Arquitectura was born in the heart of the vibrant city of Marbella on the Costa del Sol. Since then, we have travelled an exciting path full of challenges, learning experiences and, above all, creativity. Over time, we have grown into an internationally recognised firm, with projects not only in various parts of Spain, but also in diverse locations such as Mexico and Morocco.</em></h4>
<p>&nbsp;</p>
<h4 style="text-align: center;"><em>Over the past 30 years, we have had the good fortune to work on a wide variety of projects spanning all areas of architecture, from residential, commercial and urban design to landscape architecture, interior design and urban planning. We are passionate about taking a holistic approach to each project, where architecture engages with the environment, functionality, and of course, the people who will inhabit it.</em></h4>
<p>&nbsp;</p>
<h4 style="text-align: center;"><em>Today, González &amp; Jacobson Arquitectura is led by Rodolfo Amieva Jacobson and Diego Macías Domínguez, who, together with a multidisciplinary team of highly qualified professionals &#8211; architects, interior designers, landscape architects, urban planners, engineers and technicians &#8211; continue to focus on architecture with identity, sensitivity and commitment.</em></h4>
<p>&nbsp;</p>
<h4 style="text-align: center;"><em>We believe in the power of good architecture to transform spaces and improve lives. That is why each of our projects bears the stamp of dedication, experience and contemporary vision that characterises us. Because after so many years, we still enjoy doing what we love the most: designing spaces with soul.</em></h4>
<h4 style="text-align: center;"></h4>
<p>[/vc_column_text][/vc_column][/vc_row][vc_row full_width=&#8221;stretch_row&#8221; templates=&#8221;services&#8221; post_type=&#8221;services&#8221; total_columns=&#8221;prague_count_col3&#8243; gap_columns=&#8221;prague_gap_col15&#8243; image_original_size=&#8221;large&#8221; enable_load_more=&#8221;&#8221; enable_new_window=&#8221;&#8221; filter_type=&#8221;category&#8221; filter_type_2=&#8221;category&#8221; filter_type_3=&#8221;category&#8221; filter=&#8221;disable&#8221; filtering_type=&#8221;one_criteria&#8221; filter_position=&#8221;top&#8221; keyboard=&#8221;&#8221; arrows=&#8221;&#8221; autoplay=&#8221;&#8221; autoplay_speed=&#8221;&#8221; figure_enable=&#8221;&#8221; color_figure=&#8221;&#8221; stroke_width=&#8221;&#8221; orderby=&#8221;&#8221; order=&#8221;DESC&#8221; button_link_class=&#8221;prague-services-link a-btn-2 creative&#8221; button_span_class=&#8221;a-btn-line&#8221; posts_per_page=&#8221;3&#8243; button_style=&#8221;creative&#8221; pix_filter=&#8221;&#8221; speed=&#8221;&#8221; css=&#8221;.vc_custom_1630081885172{background-color: #ffffff !important;}&#8221;][vc_column][vc_headings vertical_line=&#8221;true&#8221; title=&#8221;Last Projects&#8221; heading_size=&#8221;h2&#8243; subtitle=&#8221;More than 30 years of experience.&#8221; enable_divider=&#8221;true&#8221; align=&#8221;Center&#8221;][/vc_headings][vc_empty_space][vc_basic_grid post_type=&#8221;projects&#8221; max_items=&#8221;100&#8243; style=&#8221;load-more&#8221; items_per_page=&#8221;6&#8243; element_width=&#8221;6&#8243; gap=&#8221;0&#8243; item=&#8221;16710&#8243; btn_style=&#8221;modern&#8221; btn_color=&#8221;default&#8221; btn_size=&#8221;xs&#8221; grid_id=&#8221;vc_gid:1750845840416-47be407f-e73f-9&#8243; taxonomies=&#8221;1073&#8243;][/vc_column][/vc_row][vc_row full_width=&#8221;stretch_row&#8221; templates=&#8221;services&#8221; post_type=&#8221;services&#8221; total_columns=&#8221;prague_count_col3&#8243; gap_columns=&#8221;prague_gap_col15&#8243; image_original_size=&#8221;large&#8221; enable_load_more=&#8221;&#8221; enable_new_window=&#8221;&#8221; filter_type=&#8221;category&#8221; filter_type_2=&#8221;category&#8221; filter_type_3=&#8221;category&#8221; filter=&#8221;disable&#8221; filtering_type=&#8221;one_criteria&#8221; filter_position=&#8221;top&#8221; keyboard=&#8221;&#8221; arrows=&#8221;&#8221; autoplay=&#8221;&#8221; autoplay_speed=&#8221;&#8221; figure_enable=&#8221;&#8221; color_figure=&#8221;&#8221; stroke_width=&#8221;&#8221; orderby=&#8221;&#8221; order=&#8221;DESC&#8221; button_link_class=&#8221;prague-services-link a-btn-2 creative&#8221; button_span_class=&#8221;a-btn-line&#8221; posts_per_page=&#8221;3&#8243; button_style=&#8221;creative&#8221; pix_filter=&#8221;&#8221; speed=&#8221;&#8221; css=&#8221;.vc_custom_1634642725504{background-image: url(https://gjarquitectura.com/wp-content/uploads/2021/10/servicios-final-reducida.jpg?id=15663) !important;}&#8221;][vc_column video_bg=&#8221;yes&#8221; video_bg_url=&#8221;https://www.youtube.com/watch?v=YKtRdvhuxIc&#8221;][vc_empty_space][vc_headings vertical_line=&#8221;true&#8221; title=&#8221;Our services&#8221; heading_size=&#8221;h2&#8243; subtitle=&#8221;Know what we do&#8221; align=&#8221;Center&#8221;][/vc_headings][vc_empty_space][vc_projects_posts templates=&#8221;services&#8221; post_type=&#8221;services&#8221; total_columns=&#8221;prague_count_col4&#8243; gap_columns=&#8221;prague_gap_col15&#8243; image_original_size=&#8221;large&#8221; button_link_class=&#8221;prague-services-link a-btn-2 creative&#8221; button_span_class=&#8221;a-btn-line&#8221; posts_per_page=&#8221;4&#8243; button_style=&#8221;creative&#8221;][/vc_column][/vc_row][vc_row full_width=&#8221;stretch_row&#8221;][vc_column][vc_empty_space][vc_headings vertical_line=&#8221;true&#8221; title=&#8221;The latest from our Blog&#8221; heading_size=&#8221;h2&#8243; subtitle=&#8221;Learn about the progress of our Architecture studio.&#8221; enable_divider=&#8221;true&#8221; align=&#8221;Center&#8221;][/vc_headings][vc_column_text css_animation=&#8221;fadeIn&#8221;]</p>
<p style="text-align: center;">In this space our idea is to tell the progress of our Architecture studio:</p>
<p style="text-align: center;">new, ongoing or already completed projects that we think may interest you.</p>
<p>[/vc_column_text][vc_empty_space][vc_basic_grid post_type=&#8221;post&#8221; max_items=&#8221;100&#8243; style=&#8221;load-more&#8221; items_per_page=&#8221;4&#8243; element_width=&#8221;3&#8243; gap=&#8221;15&#8243; item=&#8221;17917&#8243; btn_title=&#8221;Load more&#8221; btn_style=&#8221;modern&#8221; btn_color=&#8221;default&#8221; btn_size=&#8221;xs&#8221; grid_id=&#8221;vc_gid:1750845840419-642ef02f-f749-6&#8243;][vc_empty_space][/vc_column][/vc_row][vc_row][vc_column][vc_empty_space][vc_headings vertical_line=&#8221;true&#8221; title=&#8221;Supporting those who care…&#8221; heading_size=&#8221;h2&#8243; subtitle=&#8221;Our commitment is to hope and the future.&#8221; enable_divider=&#8221;true&#8221; align=&#8221;Center&#8221;][/vc_headings][vc_empty_space][vc_column_text css=&#8221;&#8221;]</p>
<p style="text-align: center;">Our partnership with the Malaga Association of Foster Families (Acógeles) extends beyond financial collaboration; it is a bond founded on solidarity, empathy, and respect for each unique story and life.</p>
<p><img loading="lazy" decoding="async" class="size-full wp-image-27771 aligncenter" src="https://gjarquitectura.com/wp-content/uploads/2024/11/logo-peq-acogeles.png" alt="acogeles logo web" width="305" height="122" srcset="https://gjarquitectura.com/wp-content/uploads/2024/11/logo-peq-acogeles.png 305w, https://gjarquitectura.com/wp-content/uploads/2024/11/logo-peq-acogeles-300x120.png 300w" sizes="auto, (max-width: 305px) 100vw, 305px" />[/vc_column_text][vc_empty_space height=&#8221;16px&#8221;][vc_btn title=&#8221;More info&#8221; size=&#8221;xs&#8221; align=&#8221;center&#8221; css=&#8221;&#8221; link=&#8221;url:https%3A%2F%2Fgjarquitectura.com%2Fen%2Facogeles-supporting-those-who-care-for-us%2F|title:M%C3%A1s%20info|target:_blank&#8221;][vc_empty_space][/vc_column][/vc_row]</p>
</div>

<p>[vc_row][vc_column][rev_slider_vc alias=&#8221;header-navidad-en-2025-1&#8243;][/vc_column][/vc_row][vc_row][vc_column][vc_empty_space height=&#8221;64px&#8221;][vc_column_text css=&#8221;&#8221;] More than 130.000 m2 designed in BIM &nbsp; More than three decades ago, González &amp; Jacobson</p>
